{"id":744,"date":"2018-04-11T09:29:33","date_gmt":"2018-04-11T07:29:33","guid":{"rendered":"http:\/\/corretto.elated-themes.com\/?page_id=744"},"modified":"2020-03-28T09:54:46","modified_gmt":"2020-03-28T08:54:46","slug":"about-me","status":"publish","type":"page","link":"https:\/\/sleepybearcoffee.ch\/?page_id=744","title":{"rendered":"\u00c0 PROPOS DE NOUS"},"content":{"rendered":"<p>[vc_row full_height=&#8221;yes&#8221; columns_placement=&#8221;top&#8221; equal_height=&#8221;yes&#8221; content_placement=&#8221;middle&#8221; row_content_width=&#8221;grid&#8221; content_text_aligment=&#8221;center&#8221;][vc_column width=&#8221;2\/3&#8243; offset=&#8221;vc_col-lg-offset-0 vc_col-lg-4 vc_col-md-offset-3 vc_col-md-6 vc_col-sm-offset-2&#8243;][vc_single_image image=&#8221;3325&#8243; img_size=&#8221;full&#8221;][vc_empty_space height=&#8221;40px&#8221;][\/vc_column][vc_column offset=&#8221;vc_col-lg-offset-0 vc_col-lg-8 vc_col-md-offset-1 vc_col-md-10 vc_col-sm-offset-0&#8243; css=&#8221;.vc_custom_1524668823889{padding-right: 5% !important;padding-left: 5% !important;}&#8221;]<div class=\"eltdf-section-title-holder  \" >\n\t<div class=\"eltdf-st-inner\">\n\t\t\t\t\t<h2 class=\"eltdf-st-title\" >\n\t\t\t\tSLEEPY BEAR COFFEE SHOP\t\t\t<\/h2>\n\t\t\t\t\t<\/div>\n<\/div><div class=\"eltdf-separator-holder clearfix  eltdf-separator-center \" style=\"margin-top: 13px;margin-bottom: 22px\">\n\t\t<div class=\"eltdf-separator\" ><\/div>\n\t\t\t<span class=\"eltdf-separator-icon\" >\n\t\t\t<img loading=\"lazy\" decoding=\"async\" width=\"189\" height=\"24\" src=\"https:\/\/sleepybearcoffee.ch\/wp-content\/uploads\/2018\/04\/title-separator.png\" class=\"attachment-full size-full\" alt=\"s\" \/>\t\t<\/span>\n\t\t\t\t\t<div class=\"eltdf-separator\" ><\/div>\n\t\t\t<\/div>\n[vc_column_text]<\/p>\n<h6>Sleepy Bear est pour nous l\u2019endroit o\u00f9 nous avons toujours r\u00eav\u00e9 travailler et o\u00f9 nous venons tous les jours avec plaisir.<\/h6>\n<p>[\/vc_column_text][vc_empty_space height=&#8221;16px&#8221;][vc_column_text]Ici, nous pr\u00e9parons et servons du caf\u00e9 de sp\u00e9cialit\u00e9 dans les r\u00e8gles de l\u2019art, en explorant en d\u00e9tail son potentiel gustatif. Nous garantissons sa transformation de la plantation \u00e0 la tasse en passant par une torr\u00e9faction exigeante, pour vous offrir chaque jour de nouvelles saveurs.[\/vc_column_text][vc_empty_space height=&#8221;33px&#8221;][vc_single_image image=&#8221;775&#8243; img_size=&#8221;180&#215;60&#8243; alignment=&#8221;center&#8221;][vc_empty_space height=&#8221;50px&#8221;][\/vc_column][\/vc_row][vc_row][vc_column]<div class=\"eltdf-image-gallery  eltdf-ig-grid-type eltdf-small-space  eltdf-image-behavior-lightbox eltdf-image-hover-shader\">\n\t<div class=\"eltdf-ig-inner eltdf-outer-space eltdf-ig-grid eltdf-ig-four-columns\">\n\t\t\t\t\t<div class=\"eltdf-ig-image eltdf-item-space\">\n\t\t\t\t<div class=\"eltdf-ig-image-inner\">\n\t\t\t\t\t\t\t\t\t\t\t<a itemprop=\"image\" class=\"eltdf-ig-lightbox\" href=\"https:\/\/sleepybearcoffee.ch\/wp-content\/uploads\/2020\/03\/IMG_4463-scaled.jpg\" data-rel=\"prettyPhoto[image_gallery_pretty_photo-338]\" title=\"IMG_4463\">\n\t\t\t\t\t\t\t<span class=\"eltdf-ig-lightbox-icon icon_plus\"><\/span>\n\t\t\t\t\t\t\t\t\t\t\t<img loading=\"lazy\" decoding=\"async\" width=\"2048\" height=\"2560\" src=\"https:\/\/sleepybearcoffee.ch\/wp-content\/uploads\/2020\/03\/IMG_4463-scaled.jpg\" class=\"attachment-full size-full\" alt=\"Sleepy Bear Coffee Shop\" srcset=\"https:\/\/sleepybearcoffee.ch\/wp-content\/uploads\/2020\/03\/IMG_4463-scaled.jpg 2048w, https:\/\/sleepybearcoffee.ch\/wp-content\/uploads\/2020\/03\/IMG_4463-240x300.jpg 240w, https:\/\/sleepybearcoffee.ch\/wp-content\/uploads\/2020\/03\/IMG_4463-819x1024.jpg 819w, https:\/\/sleepybearcoffee.ch\/wp-content\/uploads\/2020\/03\/IMG_4463-768x960.jpg 768w, https:\/\/sleepybearcoffee.ch\/wp-content\/uploads\/2020\/03\/IMG_4463-1229x1536.jpg 1229w, https:\/\/sleepybearcoffee.ch\/wp-content\/uploads\/2020\/03\/IMG_4463-1638x2048.jpg 1638w, https:\/\/sleepybearcoffee.ch\/wp-content\/uploads\/2020\/03\/IMG_4463-600x750.jpg 600w\" sizes=\"(max-width: 2048px) 100vw, 2048px\" \/>\t\t\t\t\t\t\t\t\t\t\t<\/a>\n\t\t\t\t\t\t\t\t\t<\/div>\n\t\t\t<\/div>\n\t\t\t\t\t<div class=\"eltdf-ig-image eltdf-item-space\">\n\t\t\t\t<div class=\"eltdf-ig-image-inner\">\n\t\t\t\t\t\t\t\t\t\t\t<a itemprop=\"image\" class=\"eltdf-ig-lightbox\" href=\"https:\/\/sleepybearcoffee.ch\/wp-content\/uploads\/2020\/03\/IMG_4458-scaled.jpg\" data-rel=\"prettyPhoto[image_gallery_pretty_photo-338]\" title=\"IMG_4458\">\n\t\t\t\t\t\t\t<span class=\"eltdf-ig-lightbox-icon icon_plus\"><\/span>\n\t\t\t\t\t\t\t\t\t\t\t<img loading=\"lazy\" decoding=\"async\" width=\"2048\" height=\"2560\" src=\"https:\/\/sleepybearcoffee.ch\/wp-content\/uploads\/2020\/03\/IMG_4458-scaled.jpg\" class=\"attachment-full size-full\" alt=\"Sleepy Bear Coffee Shop\" srcset=\"https:\/\/sleepybearcoffee.ch\/wp-content\/uploads\/2020\/03\/IMG_4458-scaled.jpg 2048w, https:\/\/sleepybearcoffee.ch\/wp-content\/uploads\/2020\/03\/IMG_4458-240x300.jpg 240w, https:\/\/sleepybearcoffee.ch\/wp-content\/uploads\/2020\/03\/IMG_4458-819x1024.jpg 819w, https:\/\/sleepybearcoffee.ch\/wp-content\/uploads\/2020\/03\/IMG_4458-768x960.jpg 768w, https:\/\/sleepybearcoffee.ch\/wp-content\/uploads\/2020\/03\/IMG_4458-1229x1536.jpg 1229w, https:\/\/sleepybearcoffee.ch\/wp-content\/uploads\/2020\/03\/IMG_4458-1639x2048.jpg 1639w, https:\/\/sleepybearcoffee.ch\/wp-content\/uploads\/2020\/03\/IMG_4458-600x750.jpg 600w\" sizes=\"(max-width: 2048px) 100vw, 2048px\" \/>\t\t\t\t\t\t\t\t\t\t\t<\/a>\n\t\t\t\t\t\t\t\t\t<\/div>\n\t\t\t<\/div>\n\t\t\t\t\t<div class=\"eltdf-ig-image eltdf-item-space\">\n\t\t\t\t<div class=\"eltdf-ig-image-inner\">\n\t\t\t\t\t\t\t\t\t\t\t<a itemprop=\"image\" class=\"eltdf-ig-lightbox\" href=\"https:\/\/sleepybearcoffee.ch\/wp-content\/uploads\/2020\/03\/IMG_4446-2-scaled.jpg\" data-rel=\"prettyPhoto[image_gallery_pretty_photo-338]\" title=\"IMG_4446 2\">\n\t\t\t\t\t\t\t<span class=\"eltdf-ig-lightbox-icon icon_plus\"><\/span>\n\t\t\t\t\t\t\t\t\t\t\t<img loading=\"lazy\" decoding=\"async\" width=\"2048\" height=\"2560\" src=\"https:\/\/sleepybearcoffee.ch\/wp-content\/uploads\/2020\/03\/IMG_4446-2-scaled.jpg\" class=\"attachment-full size-full\" alt=\"Sleepy Bear Coffee Shop\" srcset=\"https:\/\/sleepybearcoffee.ch\/wp-content\/uploads\/2020\/03\/IMG_4446-2-scaled.jpg 2048w, https:\/\/sleepybearcoffee.ch\/wp-content\/uploads\/2020\/03\/IMG_4446-2-240x300.jpg 240w, https:\/\/sleepybearcoffee.ch\/wp-content\/uploads\/2020\/03\/IMG_4446-2-819x1024.jpg 819w, https:\/\/sleepybearcoffee.ch\/wp-content\/uploads\/2020\/03\/IMG_4446-2-768x960.jpg 768w, https:\/\/sleepybearcoffee.ch\/wp-content\/uploads\/2020\/03\/IMG_4446-2-1229x1536.jpg 1229w, https:\/\/sleepybearcoffee.ch\/wp-content\/uploads\/2020\/03\/IMG_4446-2-1638x2048.jpg 1638w, https:\/\/sleepybearcoffee.ch\/wp-content\/uploads\/2020\/03\/IMG_4446-2-600x750.jpg 600w\" sizes=\"(max-width: 2048px) 100vw, 2048px\" \/>\t\t\t\t\t\t\t\t\t\t\t<\/a>\n\t\t\t\t\t\t\t\t\t<\/div>\n\t\t\t<\/div>\n\t\t\t\t\t<div class=\"eltdf-ig-image eltdf-item-space\">\n\t\t\t\t<div class=\"eltdf-ig-image-inner\">\n\t\t\t\t\t\t\t\t\t\t\t<a itemprop=\"image\" class=\"eltdf-ig-lightbox\" href=\"https:\/\/sleepybearcoffee.ch\/wp-content\/uploads\/2020\/03\/WhatsApp-Image-2020-03-25-at-17.26.58.jpeg\" data-rel=\"prettyPhoto[image_gallery_pretty_photo-338]\" title=\"WhatsApp Image 2020-03-25 at 17.26.58\">\n\t\t\t\t\t\t\t<span class=\"eltdf-ig-lightbox-icon icon_plus\"><\/span>\n\t\t\t\t\t\t\t\t\t\t\t<img loading=\"lazy\" decoding=\"async\" width=\"768\" height=\"1024\" src=\"https:\/\/sleepybearcoffee.ch\/wp-content\/uploads\/2020\/03\/WhatsApp-Image-2020-03-25-at-17.26.58.jpeg\" class=\"attachment-full size-full\" alt=\"\" srcset=\"https:\/\/sleepybearcoffee.ch\/wp-content\/uploads\/2020\/03\/WhatsApp-Image-2020-03-25-at-17.26.58.jpeg 768w, https:\/\/sleepybearcoffee.ch\/wp-content\/uploads\/2020\/03\/WhatsApp-Image-2020-03-25-at-17.26.58-225x300.jpeg 225w, https:\/\/sleepybearcoffee.ch\/wp-content\/uploads\/2020\/03\/WhatsApp-Image-2020-03-25-at-17.26.58-600x800.jpeg 600w\" sizes=\"(max-width: 768px) 100vw, 768px\" \/>\t\t\t\t\t\t\t\t\t\t\t<\/a>\n\t\t\t\t\t\t\t\t\t<\/div>\n\t\t\t<\/div>\n\t\t\t<\/div>\n<\/div>[\/vc_column][\/vc_row]<\/p>\n","protected":false},"excerpt":{"rendered":"<p>[vc_row full_height=&#8221;yes&#8221; columns_placement=&#8221;top&#8221; equal_height=&#8221;yes&#8221; content_placement=&#8221;middle&#8221; row_content_width=&#8221;grid&#8221; content_text_aligment=&#8221;center&#8221;][vc_column width=&#8221;2\/3&#8243; offset=&#8221;vc_col-lg-offset-0 vc_col-lg-4 vc_col-md-offset-3 vc_col-md-6 vc_col-sm-offset-2&#8243;][vc_single_image image=&#8221;3325&#8243; img_size=&#8221;full&#8221;][vc_empty_space height=&#8221;40px&#8221;][\/vc_column][vc_column offset=&#8221;vc_col-lg-offset-0 vc_col-lg-8 vc_col-md-offset-1 vc_col-md-10 vc_col-sm-offset-0&#8243; css=&#8221;.vc_custom_1524668823889{padding-right: 5% !important;padding-left: 5% !important;}&#8221;][vc_column_text] Sleepy Bear est pour nous l\u2019endroit o\u00f9 nous avons toujours r\u00eav\u00e9 travailler et o\u00f9 nous venons tous les jours avec plaisir. [\/vc_column_text][vc_empty_space height=&#8221;16px&#8221;][vc_column_text]Ici, nous pr\u00e9parons et servons du caf\u00e9 de sp\u00e9cialit\u00e9 dans les r\u00e8gles de l\u2019art, en explorant en d\u00e9tail son potentiel gustatif. Nous garantissons sa [&hellip;]<\/p>\n","protected":false},"author":1,"featured_media":0,"parent":0,"menu_order":0,"comment_status":"closed","ping_status":"closed","template":"full-width.php","meta":{"pmpro_default_level":"","footnotes":""},"jetpack_sharing_enabled":true,"_links":{"self":[{"href":"https:\/\/sleepybearcoffee.ch\/index.php?rest_route=\/wp\/v2\/pages\/744"}],"collection":[{"href":"https:\/\/sleepybearcoffee.ch\/index.php?rest_route=\/wp\/v2\/pages"}],"about":[{"href":"https:\/\/sleepybearcoffee.ch\/index.php?rest_route=\/wp\/v2\/types\/page"}],"author":[{"embeddable":true,"href":"https:\/\/sleepybearcoffee.ch\/index.php?rest_route=\/wp\/v2\/users\/1"}],"replies":[{"embeddable":true,"href":"https:\/\/sleepybearcoffee.ch\/index.php?rest_route=%2Fwp%2Fv2%2Fcomments&post=744"}],"version-history":[{"count":11,"href":"https:\/\/sleepybearcoffee.ch\/index.php?rest_route=\/wp\/v2\/pages\/744\/revisions"}],"predecessor-version":[{"id":3550,"href":"https:\/\/sleepybearcoffee.ch\/index.php?rest_route=\/wp\/v2\/pages\/744\/revisions\/3550"}],"wp:attachment":[{"href":"https:\/\/sleepybearcoffee.ch\/index.php?rest_route=%2Fwp%2Fv2%2Fmedia&parent=744"}],"curies":[{"name":"wp","href":"https:\/\/api.w.org\/{rel}","templated":true}]}}